ided by 3024.
1444
What is the remainder when 81792 is divided by 650?
542
What is the remainder when 5269875 is divided by 752836?
23
Calculate the remainder when 427616 is divided by 213802.
12
Calculate the remainder when 26197581 is divided by 112.
109
Calculate the remainder when 4589073 is divided by 181.
180
What is the remainder when 760054 is divided by 1612?
802
Calculate the remainder when 380456 is divided by 76088.
16
Calculate the remainder when 282091 is divided by 46.
19
What is the remainder when 8078183 is divided by 105?
8
What is the remainder when 4358053 is divided by 35?
28
Calculate the remainder when 1237644 is divided by 925.
919
Calculate the remainder when 787847366 is divided by 470.
466
Calculate the remainder when 1217901 is divided by 30444.
141
Calculate the remainder when 5386080 is divided by 11969.
30
Calculate the remainder when 88862198 is divided by 350.
348
What is the remainder when 5657591 is divided by 130?
121
What is the remainder when 3112881 is divided by 622565?
56
What is the remainder when 20777881 is divided by 121508?
13
Calculate the remainder when 95232638 is divided by 204.
134
Calculate the remainder when 18413 is divided by 5163.
2924
Calculate the remainder when 11812314 is divided by 5906149.
16
What is the remainder when 8519993 is divided by 9?
8
What is the remainder when 149973 is divided by 74820?
333
What is the remainder when 36295404 is divided by 17?
13
What is the remainder when 643181 is divided by 45867?
1043
What is the remainder when 83556 is divided by 41248?
1060
Calculate the remainder when 13770573 is divided by 1721307.
117
What is the remainder when 772840 is divided by 169?
3
Calculate the remainder when 1024435 is divided by 23.
15
What is the remainder when 6270702 is divided by 3476?
3474
Calculate the remainder when 82249 is divided by 1436.
397
Calculate the remainder when 12743048 is divided by 359.
343
Calculate the remainder when 1062924 is divided by 262.
252
What is the remainder when 114382 is divided by 8758?
528
What is the remainder when 1024251 is divided by 256016?
187
What is the remainder when 1907811 is divided by 306?
207
What is the remainder when 7474 is divided by 2156?
1006
Calculate the remainder when 847152 is divided by 42339.
372
Calculate the remainder when 17595 is divided by 5857.
24
What is the remainder when 806427 is divided by 3374?
41
Calculate the remainder when 5287820 is divided by 178.
152
Calculate the remainder when 3732001 is divided by 102.
25
Calculate the remainder when 1606946 is divided by 1529.
1496
Calculate the remainder when 3855994 is divided by 2.
0
Calculate the remainder when 2229795 is divided by 3394.
3331
Calculate the remainder when 5571754 is divided by 762.
10
What is the remainder when 34641376 is divided by 1758?
1744
Calculate the remainder when 1151062 is divided by 575531.
0
What is the remainder when 21573 is divided by 16620?
4953
Calculate the remainder when 863503 is divided by 53.
27
Calculate the remainder when 394504 is divided by 197227.
50
What is the remainder when 987948 is divided by 1374?
42
What is the remainder when 29650 is divided by 45?
40
What is the remainder when 27240 is divided by 25384?
1856
Calculate the remainder when 46178 is divided by 1448.
1290
Calculate the remainder when 9663511 is divided by 96635.
11
Calculate the remainder when 46030 is divided by 2489.
1228
What is the remainder when 29242142 is divided by 26754?
20
What is the remainder when 114776817 is divided by 39?
12
Calculate the remainder when 4447291 is divided by 2223642.
7
Calculate the remainder when 17381046 is divided by 6232.
6230
Calculate the remainder when 84327425 is divided by 92974.
7
What is the remainder when 124681 is divided by 4159?
4070
What is the remainder when 4822385 is divided by 2641?
2560
What is the remainder when 2544070 is divided by 1232?
1222
What is the remainder when 1692780 is divided by 105798?
12
What is the remainder when 1131976519 is divided by 1480?
1479
Calculate the remainder when 62363 is divided by 5017.
2159
Calculate the remainder when 460586110 is divided by 11712.
11710
What is the remainder when 53374579 is divided by 160284?
7
What is the remainder when 1324128 is divided by 199?
181
Calculate the remainder when 855714 is divided by 3181.
25
What is the remainder when 1287971 is divided by 83?
60
Calculate the remainder when 248202 is divided by 15446.
1066
What is the remainder when 1051875 is divided by 525934?
7
Calculate the remainder when 52043 is divided by 572.
563
What is the remainder when 441005 is divided by 3150?
5
What is the remainder when 89153 is divided by 743?
736
Calculate the remainder when 2837441 is divided by 2625.
2441
Calculate the remainder when 31172178 is divided by 6.
0
Calculate the remainder when 5839991 is divided by 2919987.
17
Calculate the remainder when 2224213 is divided by 741285.
358
What is the remainder when 178242 is divided by 378?
204
Calculate the remainder when 587473 is divided by 27974.
19
What is the remainder when 44600749 is divided by 12754?
11
Calculate the remainder when 71141 is divided by 11476.
2285
Calculate the remainder when 469384 is divided by 1713.
22
Calculate the remainder when 3066310 is divided by 63879.
118
What is the remainder when 668339 is divided by 111360?
179
What is the remainder when 437424 is divided by 4463?
50
Calculate the remainder when 23289 is divided by 168.
105
What is the remainder when 1886988 is divided by 29484?
12
Calculate the remainder when 627268 is divided by 209070.
58
Calculate the remainder when 51587823 is divided by 4092.
4071
What is the remainder when 46196441 is divided by 2716?
2713
What is the remainder when 70048 is divided by 34051?
1946
Calculate the remainder when 8286713 is divided by 187.
182
What is the remainder when 244233 is divided by 244156?
77
What is the remainder when 21675649 is divided by 594?
589
What is the remainder when 315675 is divided by 439?
34
Calculate the remainder when 881692 is divided by 435.
382
Calculate the remainder when 156602 is divided by 12024.
290
What is the remainder when 658472 is divided by 658358?
114
Calculate the remainder when 4529460 is divided by 1296.
1236
What is the remainder when 106951 is divided by 2781?
1273
What is the remainder when 60856941 is divided by 12?
9
What is the remainder when 531502029 is divided by 92?
89
Calculate the remainder when 1017096 is divided by 39.
15
Calculate the remainder when 266551182 is divided by 22212597.
18
Calculate the remainder when 245384 is divided by 45.
44
What is the remainder when 7831 is divided by 866?
37
What is the remainder when 79446709 is divided by 38?
33
Calculate the remainder when 65478901 is divided by 241.
165
Calculate the remainder when 59906937 is divided by 101.
100
What is the remainder when 311859698 is divided by 103953232?
2
Calculate the remainder when 551315 is divided by 111.
89
Calculate the remainder when 165647 is divided by 10.
7
What is the remainder when 6861111 is divided by 2287035?
6
What is the remainder when 327505 is divided by 7982?
243
What is the remainder when 114490 is divided by 114487?
3
What is the remainder when 58738 is divided by 14522?
650
Calculate the remainder when 93857338 is divided by 38.
36
Calculate the remainder when 324746 is divided by 2191.
478
Calculate the remainder when 27001 is divided by 8571.
1288
Calculate the remainder when 6551308 is divided by 935898.
22
What is the remainder when 1145943 is divided by 1860?
183
Calculate the remainder when 782472 is divided by 68.
64
What is the remainder when 5094813 is divided by 1698266?
15
What is the remainder when 7135030 is divided by 440?
430
Calculate the remainder when 158009 is divided by 103.
7
What is the remainder when 25832391 is divided by 3090?
3081
Calculate the remainder when 5509849 is divided by 612205.
4
What is the remainder when 135156 is divided by 456?
180
What is the remainder when 15409715 is divided by 533?
152
What is the remainder when 100349352 is divided by 13?
12
Calculate the remainder when 11744 is divided by 46.
14
What is the remainder when 2701839 is divided by 103912?
127
What is the remainder when 55405943 